*2 + 39. What is s(6)?
3
Let h(d) = -2*d**3 + 32*d**2 + 43*d - 22. Calculate h(17).
131
Let t(i) = 4*i**3 - 162*i**2 - 79*i - 42. Give t(41).
81
Let g(t) = -376*t - 3389. Give g(-9).
-5
Let y(x) = -36*x**2 - 360*x - 14. Calculate y(-10).
-14
Let r(w) = w**2 - 23*w + 6. Determine r(26).
84
Let m(c) = -2*c**3 + 43*c**2 + 68*c - 1865. Calculate m(21).
4
Let d(b) = b**3 + 85*b**2 + 222*b - 1972. Determine d(-82).
-4
Let x(f) = -38*f**2 - 51*f + 52. Calculate x(1).
-37
Let z(l) = -l**3 - 94*l**2 + 1154*l - 110. Determine z(-105).
-5
Let y(h) = h**3 + 2*h**2 - 61*h - 217. What is y(-4)?
-5
Let x(l) = -383*l + 362. Calculate x(1).
-21
Let b(y) = 115*y - 984. What is b(8)?
-64
Let j(b) = -4*b - 387. What is j(-24)?
-291
Let s(z) = 2541*z + 22863. Calculate s(-9).
-6
Let d(c) = 8*c**2 + 112*c - 404. Calculate d(-17).
4
Let m(c) = c**2 - 532*c + 2644. Calculate m(5).
9
Let n(l) = l**3 + 28*l**2 - 14*l - 113. Calculate n(-28).
279
Let k(t) = -t**3 - 34*t**2 + 41*t + 182. Give k(-35).
-28
Let u(n) = -45*n**2 + 23*n + 79. Calculate u(-4).
-733
Let d(m) = m + 7. Determine d(16).
23
Let p(l) = -l**3 - 5*l**2 - 9*l + 5. Give p(-5).
50
Let m(o) = -60*o - 3. Determine m(2).
-123
Let v(u) = 4*u**3 - 21*u**2 - 31*u + 56. Give v(6).
-22
Let m(c) = 7*c**2 - 175*c + 353. Calculate m(2).
31
Let m(f) = f**2 - 89*f + 422. Determine m(84).
2
Let v(p) = 57*p + 225. Determine v(-6).
-117
Let a(w) = 2*w**3 - 14*w**2 + 24*w + 7. Determine a(4).
7
Let y(o) = 403*o - 3205. Give y(8).
19
Let z(i) = 169*i + 1523. Determine z(-9).
2
Let q(d) = -757*d - 3777. Give q(-5).
8
Let v(h) = -h**3 - 8*h**2 + 33*h + 260. What is v(-8)?
-4
Let i(y) = -105*y + 2587. Determine i(23).
172
Let b(a) = 34*a**2 - 51*a - 54. Give b(-1).
31
Let u(n) = 322*n - 2573. Calculate u(8).
3
Let s(h) = -h**3 + 67*h**2 + 216*h - 422. Calculate s(70).
-2
Let d(b) = 40*b + 303. Determine d(-5).
103
Let l(o) = 55*o + 330. Give l(-6).
0
Let s(q) = -3384*q - 27070. Give s(-8).
2
Let m(h) = -3*h**3 + 3*h**2 + 21*h - 35. Give m(3).
-26
Let f(q) = -2*q**2 - 158*q - 892. Determine f(-6).
-16
Let p(l) = 1525*l + 15253. What is p(-10)?
3
Let s(a) = -a**3 + a**2 + 2*a - 698. Determine s(0).
-698
Let o(v) = 5*v**3 - 13*v**2 - 106*v + 223. Give o(5).
-7
Let f(r) = 54*r + 338. What is f(-3)?
176
Let n(w) = 2*w**2 + 50*w - 9. Calculate n(-12).
-321
Let d(o) = -202*o**2 + 6058*o + 63. Determine d(30).
3
Let q(d) = -202*d - 44231. Calculate q(-219).
7
Let f(p) = -196*p - 185. Give f(-1).
11
Let q(a) = -a**3 - 63*a**2 - 227*a + 521. Determine q(-59).
-10
Let c(i) = -i**3 + 51*i**2 - 74*i + 1209. Calculate c(50).
9
Let q(f) = 2*f**2 + 4*f - 112. Determine q(17).
534
Let r(j) = -14*j + 205. Give r(10).
65
Let b(s) = -s**3 - 22*s**2 - 280*s - 1602. What is b(-10)?
-2
Let k(s) = 6*s + 726. Give k(-120).
6
Let z(b) = 85*b + 818. Give z(-10).
-32
Let a(s) = -60*s - 332. Determine a(-7).
88
Let r(b) = -297*b - 90. Calculate r(2).
-684
Let q(m) = m**3 + 81*m**2 + 216*m - 1243. Calculate q(-78).
161
Let w(m) = 3*m**2 - 1434*m - 5761. Give w(-4).
23
Let l(a) = 115*a**2 - 1625*a + 17. Give l(14).
-193
Let u(k) = k**3 - 50*k**2 + 43*k + 21. Determine u(49).
-273
Let q(w) = 34*w - 6033. Determine q(177).
-15
Let o(z) = z**2 + 131*z + 984. Give o(-8).
0
Let b(f) = 4*f**3 + 18*f**2 - 35*f - 3. Calculate b(2).
31
Let k(d) = d**3 - 13*d**2 - 69*d - 7. Calculate k(-6).
-277
Let j(s) = 16*s**2 + 124*s - 36. What is j(-8)?
-4
Let b(u) = -3*u**2 + 300*u - 1142. Determine b(96).
10
Let v(b) = 140*b - 503. Calculate v(7).
477
Let y(m) = 77*m**2 + 12*m - 28. Give y(3).
701
Let m(s) = s**2 - 30*s + 58. What is m(15)?
-167
Let n(r) = -r**3 - 20*r**2 + 68*r - 19. Determine n(-23).
4
Let u(r) = 3*r**2 + 23*r + 4. What is u(-8)?
12
Let i(d) = d**2 - 89*d - 15038. Give i(-86).
12
Let g(n) = 3*n**3 + 50*n**2 + 16*n + 21. Determine g(-4).
565
Let a(j) = -j**3 - 2*j**2 + 65*j - 362. Calculate a(7).
-348
Let m(z) = -z**2 + 39*z - 387. Give m(20).
-7
Let d(h) = -64*h + 4511. Determine d(70).
31
Let a(m) = -2*m**2 - 263*m - 1743. Determine a(-7).
0
Let d(m) = -22*m**2 - 92*m + 97. Give d(1).
-17
Let a(p) = -p**2 + 27*p - 1. Calculate a(13).
181
Let x(o) = 22*o**2 + 342*o - 343. Give x(1).
21
Let k(c) = -90*c + 195. Determine k(2).
15
Let k(c) = 2*c**3 + 27*c**2 + 20. Determine k(-14).
-176
Let l(g) = -70*g + 156. Give l(3).
-54
Let j(d) = 12*d**2 - d + 1. What is j(-1)?
14
Let o(s) = s**3 - 9*s**2 - 1783*s - 135. Give o(47).
6
Let z(d) = 19*d + 276. Give z(-18).
-66
Let k(t) = -5*t**2 - 201*t + 2224. Calculate k(-49).
68
Let a(w) = w**3 + 12*w**2 + 27*w - 16. Determine a(-8).
24
Let p(t) = t**3 - 14*t**2 - 31*t - 14. Calculate p(16).
2
Let g(u) = -u**3 - 31*u**2 - 178*u + 38. Give g(-8).
-10
Let h(b) = -36*b - 357. Calculate h(-10).
3
Let t(r) = 13*r**2 - 105*r + 18. Give t(8).
10
Let u(p) = 54*p - 335. What is u(6)?
-11
Let n(o) = -11*o + 265. Calculate n(38).
-153
Let c(t) = -2*t**2 + t + 129. Give c(-11).
-124
Let m(v) = -v**3 - 34*v**2 - 205*v - 8. Calculate m(-25).
-508
Let l(d) = -d**3 + 14*d**2 - 2*d + 43. Determine l(14).
15
Let o(k) = -34*k + 148. Determine o(13).
-294
Let x(u) = 351*u + 3131. Determine x(-9).
-28
Let s(g) = 101*g - 10056. Determine s(99).
-57
Let q(i) = i**2 + 266*i + 7313. What is q(-31)?
28
Let t(q) = -q**3 + 114*q**2 + 360*q - 993. What is t(117)?
60
Let m(v) = v**3 + 14*v**2 + 10*v - 25. What is m(-13)?
14
Let m(j) = -3*j**3 + 37*j**2 + 3*j + 304. Give m(13).
5
Let t(b) = -4*b**2 - 62*b - 39. Calculate t(-14).
45
Let l(m) = -m**3 + 12*m**2 + 20*m + 111. Calculate l(13).
202
Let j(a) = -65*a**2 - a - 147. Give j(0).
-147
Let d(z) = -13*z**2 + 136*z - 175. What is d(9)?
-4
Let z(x) = -3*x**3 + 11*x**2 + 25*x - 7. What is z(6)?
-109
Let d(b) = 7*b + 27. What is d(-10)?
-43
Let g(a) = -a**3 + 8*a**2 + 38. Calculate g(7).
87
Let g(m) = -m**3 - 25*m**2 - 96*m + 75. Calculate g(-20).
-5
Let p(n) = 223*n + 4659. What is p(-21)?
-24
Let j(a) = -a**2 + 8*a + 21. Determine j(-7).
-84
Let b(d) = -d**3 + 7*d**2 + 16*d - 59. Give b(6).
73
Let o(z) = 1136*z - 90870. What is o(80)?
10
Let u(p) = -24*p + 318. What is u(13)?
6
Let g(o) = -o**3 + 23*o**2 + 1274*o - 33. Give g(-26).
-33
Let s(x) = 5*x**2 + 68*x - 193. Calculate s(3).
56
Let y(w) = 43*w + 462. What is y(-12)?
-54
Let b(u) = u**3 - 16*u**2 + 358*u - 5728. What is b(16)?
0
Let r(d) = 27*d + 180. Give r(2).
234
Let y(o) = -o**2 + 57*o - 774. Calculate y(22).
-4
Let q(t) = -428*t + 2136. Give q(5).
-4
Let j(r) = -2*r**2 - 4605*r - 50409. What is j(-11)?
4
Let c(z) = -30*z**2 + 19*z - 18. Determine c(1).
-29
Let s(k) = 5*k**3 - 71*k**2 + 4*k + 146. What is s(14)?
6
Let f(k) = -2*k**3 + 3*k**2 + 25*k - 57. What is f(2)?
-11
Let c(l) = -6*l - 2577. Calculate c(-429).
-3
Let p(s) = -s**3 - 19*s**2 - 49*s + 108. Give p(-13).
-269
Let k(u) = -7*u**2 + 22*u - 23. Calculate k(1).
-8
Let j(b) = 4*b**3 - 9*b**2 + 3*b - 5. Give j(1).
-7
Let c(y) = -y**3 - 96*y**2 + 618*y + 616. Calculate c(-102).
4
Let j(t) = 5*t**2 - 86*t + 40. Give j(0).
40
Let r(n) = -n**3 - 6*n**2 + 139*n + 915. Determine r(-7).
-9
Let s(u) = u**3 + 33*u**2 - 69*u - 33. Give s(-35).
-68
Let t(o) = o**3 + 8*o**2 - 4*o - 73. Give t(-7).
4
Let c(a) = a**2 + 93*a - 195. Determine c(-95).
-5
Let r(h) = h**2 - 50*h - 1422. What is r(-20)?
-22
Let q(m) = m**3 + 14*m**2 - 43*m + 131. Give q(-17).
-5
Let u(z) = -2*z**3 - 12*z**2 - 15*z + 31. Determine u(-5).
56
Let n(a) = 755*a + 4512. Calculate n(-6).
-18
Let f(i) = -i**2 - 10*i - 18. Give f(-4).
6
Let z(x) = -110*x - 6612. Calculate z(-60).
-12
Let u(h) = h**3 - 8*h**2 - 2*h - 11. Give u(5).
-96
Let y(g) = -192*g - 3919. Give y(-23).
497
Let r(b) = 450*b + 445. What is r(-1)?
-5
Let n(p) = 99*p - 437. Determine n(7).
256
Let k(u) = -u**3 + 6*u**2 + 9*u - 59. Calculate k(4).
9
Let h(l) = 176*l - 295. What is h(3)?
233
Let w(n) = n**2 + 25*n + 74. What is w(-25)?
74
Let b(m) = -9*m - 525. Determine b(-51).
-66
Let v(q) = 198*q + 1029. Determine v(-5).
39
Let o(i) = 7*i - 76. What is o(31)?
141
Let j(b) = 586*b + 11721. Determine j(-20).
1
Let y(k) = -k**3 + 3*k**2 + 11*k - 3. What is y(6)?
-45
Let c(s) = -s**3 - 54*s**2 - 438*s + 93. Calculate c(-44).
5
Let k(h) = h**3 - 4*h**2 - 72*h + 386. Give k(5).
51
Let b(u) = 4*u**2 + 5*u + 24. Give b(-7).
185
Let t(y) = 3*y**2 + 148*y + 755. 